{"id":3373,"date":"2020-03-29T19:28:02","date_gmt":"2020-03-29T23:28:02","guid":{"rendered":"https:\/\/panierdufermier.ca\/?page_id=3373"},"modified":"2026-04-30T22:01:22","modified_gmt":"2026-05-01T02:01:22","slug":"laval-order-form","status":"publish","type":"page","link":"https:\/\/panierdufermier.ca\/?page_id=3373","title":{"rendered":"Laval Order Form"},"content":{"rendered":"<div class=\"wpb-content-wrapper\"><p>[vc_row][vc_column][vc_column_text uncode_shortcode_id=&#8221;129815&#8243;]<\/p>\n<p style=\"text-align: left;\"><strong>Voici tous nos points de cueillette \u00e0 Laval \/ Here are all our pick-up points in Laval!<\/strong><\/p>\n<ol>\n<li style=\"text-align: left;\"><strong>Fabreville<\/strong> (Placer vos commandes avant jeudi 20h)<\/li>\n<li style=\"text-align: left;\"><strong>St-Fran\u00e7ois-Duvernay-Est<\/strong> (Placer vos commandes avant mercredi 17h)<\/li>\n<li style=\"text-align: left;\"><strong>Chomedey-Sainte-Doroth\u00e9e<\/strong> (Placer vos commandes avant mercredi 17h)<\/li>\n<li style=\"text-align: left;\"><strong>Duvernay<\/strong> (Placer vos commandes avant mercredi 17h)<\/li>\n<\/ol>\n<h4 style=\"text-align: left;\" data-start=\"81\" data-end=\"137\">Livraison \u00e0 Laval disponible tous les jeudis et samedis \/ Delivery in Laval is available every Thursday and Saturday.<\/h4>\n<h1 style=\"text-align: center;\"><strong>D\u00e9sol\u00e9 &#8211; les commandes pour cette semaine sont termin\u00e9es. Nous prenons les nouvelles commandes \u00e0 partir de 21h lundi le 4 mai 2026!<\/strong><\/h1>\n<p>[\/vc_column_text][\/vc_column][\/vc_row]<\/p>\n<\/div>","protected":false},"excerpt":{"rendered":"<p>[vc_row][vc_column][vc_column_text uncode_shortcode_id=&#8221;129815&#8243;] Voici tous nos points de cueillette \u00e0 Laval \/ Here are all our pick-up points in Laval! Fabreville [&hellip;]<\/p>\n","protected":false},"author":2,"featured_media":0,"parent":0,"menu_order":0,"comment_status":"closed","ping_status":"closed","template":"","meta":{"footnotes":""},"class_list":["post-3373","page","type-page","status-publish","hentry"],"jetpack_sharing_enabled":true,"_links":{"self":[{"href":"https:\/\/panierdufermier.ca\/index.php?rest_route=\/wp\/v2\/pages\/3373","targetHints":{"allow":["GET"]}}],"collection":[{"href":"https:\/\/panierdufermier.ca\/index.php?rest_route=\/wp\/v2\/pages"}],"about":[{"href":"https:\/\/panierdufermier.ca\/index.php?rest_route=\/wp\/v2\/types\/page"}],"author":[{"embeddable":true,"href":"https:\/\/panierdufermier.ca\/index.php?rest_route=\/wp\/v2\/users\/2"}],"replies":[{"embeddable":true,"href":"https:\/\/panierdufermier.ca\/index.php?rest_route=%2Fwp%2Fv2%2Fcomments&post=3373"}],"version-history":[{"count":668,"href":"https:\/\/panierdufermier.ca\/index.php?rest_route=\/wp\/v2\/pages\/3373\/revisions"}],"predecessor-version":[{"id":544430,"href":"https:\/\/panierdufermier.ca\/index.php?rest_route=\/wp\/v2\/pages\/3373\/revisions\/544430"}],"wp:attachment":[{"href":"https:\/\/panierdufermier.ca\/index.php?rest_route=%2Fwp%2Fv2%2Fmedia&parent=3373"}],"curies":[{"name":"wp","href":"https:\/\/api.w.org\/{rel}","templated":true}]}}

<div class="wpb-content-wrapper"><p>[vc_row][vc_column][vc_column_text uncode_shortcode_id=&#8221;129815&#8243;]</p>
<p style="text-align: left;"><strong>Voici tous nos points de cueillette à Laval / Here are all our pick-up points in Laval!</strong></p>
<ol>
<li style="text-align: left;"><strong>Fabreville</strong> (Placer vos commandes avant jeudi 20h)</li>
<li style="text-align: left;"><strong>St-François-Duvernay-Est</strong> (Placer vos commandes avant mercredi 17h)</li>
<li style="text-align: left;"><strong>Chomedey-Sainte-Dorothée</strong> (Placer vos commandes avant mercredi 17h)</li>
<li style="text-align: left;"><strong>Duvernay</strong> (Placer vos commandes avant mercredi 17h)</li>
</ol>
<h4 style="text-align: left;" data-start="81" data-end="137">Livraison à Laval disponible tous les jeudis et samedis / Delivery in Laval is available every Thursday and Saturday.</h4>
<h1 style="text-align: center;"><strong>Désolé &#8211; les commandes pour cette semaine sont terminées. Nous prenons les nouvelles commandes à partir de 21h lundi le 4 mai 2026!</strong></h1>
<p>[/vc_column_text][/vc_column][/vc_row]</p>
</div>

<p>[vc_row][vc_column][vc_column_text uncode_shortcode_id=&#8221;129815&#8243;] Voici tous nos points de cueillette à Laval / Here are all our pick-up points in Laval! Fabreville [&hellip;]</p>
