{"id":3377,"date":"2020-03-29T19:30:18","date_gmt":"2020-03-29T23:30:18","guid":{"rendered":"https:\/\/panierdufermier.ca\/?page_id=3377"},"modified":"2026-05-14T21:22:52","modified_gmt":"2026-05-15T01:22:52","slug":"west-island-order-form","status":"publish","type":"page","link":"https:\/\/panierdufermier.ca\/?page_id=3377","title":{"rendered":"West Island order form"},"content":{"rendered":"<div class=\"wpb-content-wrapper\"><p>[vc_row row_height_percent=&#8221;0&#8243; overlay_alpha=&#8221;50&#8243; gutter_size=&#8221;3&#8243; column_width_percent=&#8221;100&#8243; shift_y=&#8221;0&#8243; z_index=&#8221;0&#8243;][vc_column column_width_percent=&#8221;100&#8243; align_horizontal=&#8221;align_center&#8221; gutter_size=&#8221;3&#8243; overlay_alpha=&#8221;50&#8243; shift_x=&#8221;0&#8243; shift_y=&#8221;0&#8243; shift_y_down=&#8221;0&#8243; z_index=&#8221;0&#8243; medium_width=&#8221;0&#8243; mobile_width=&#8221;0&#8243; width=&#8221;1\/1&#8243;][vc_custom_heading uncode_shortcode_id=&#8221;860925&#8243;]<\/p>\n<h5 style=\"text-align: center;\" data-start=\"149\" data-end=\"365\">Voici tous nos points de cueillette \u00e0 Ouest de l&#8217;\u00eele\u00a0 \/ Here are all our pick-up points in West Island!<\/h5>\n<h6 style=\"text-align: center;\" data-start=\"80\" data-end=\"253\">1. Kirkland (D\u00e9panneur) \u00e0 c\u00f4t\u00e9 de Biscuits Scrumpchies (Placer vos commandes avant jeudi 20h)<\/h6>\n<h6 style=\"text-align: center;\" data-start=\"255\" data-end=\"447\">2. L\u2019\u00cele-Perrot \/ Pincourt (Pharmacie Uniprix) (Placer vos commandes avant mercredi 17h)<\/h6>\n<h5 style=\"text-align: center;\" data-start=\"81\" data-end=\"137\">Livraison disponible tous les jeudis et samedis \/ Delivery is available every Thursday and Saturday.<\/h5>\n<h2 style=\"text-align: center;\"><strong>D\u00e9sol\u00e9 &#8211; les commandes pour cette semaine sont termin\u00e9es. Nous prenons les nouvelles commandes \u00e0 partir de 21h lundi le 18 mai 2026!<\/strong><\/h2>\n<p>[\/vc_custom_heading][\/vc_column][\/vc_row]<\/p>\n<\/div>","protected":false},"excerpt":{"rendered":"<p>[vc_row row_height_percent=&#8221;0&#8243; overlay_alpha=&#8221;50&#8243; gutter_size=&#8221;3&#8243; column_width_percent=&#8221;100&#8243; shift_y=&#8221;0&#8243; z_index=&#8221;0&#8243;][vc_column column_width_percent=&#8221;100&#8243; align_horizontal=&#8221;align_center&#8221; gutter_size=&#8221;3&#8243; overlay_alpha=&#8221;50&#8243; shift_x=&#8221;0&#8243; shift_y=&#8221;0&#8243; shift_y_down=&#8221;0&#8243; z_index=&#8221;0&#8243; medium_width=&#8221;0&#8243; mobile_width=&#8221;0&#8243; width=&#8221;1\/1&#8243;][vc_custom_heading uncode_shortcode_id=&#8221;860925&#8243;] Voici [&hellip;]<\/p>\n","protected":false},"author":2,"featured_media":0,"parent":0,"menu_order":0,"comment_status":"closed","ping_status":"closed","template":"","meta":{"footnotes":""},"class_list":["post-3377","page","type-page","status-publish","hentry"],"jetpack_sharing_enabled":true,"_links":{"self":[{"href":"https:\/\/panierdufermier.ca\/index.php?rest_route=\/wp\/v2\/pages\/3377","targetHints":{"allow":["GET"]}}],"collection":[{"href":"https:\/\/panierdufermier.ca\/index.php?rest_route=\/wp\/v2\/pages"}],"about":[{"href":"https:\/\/panierdufermier.ca\/index.php?rest_route=\/wp\/v2\/types\/page"}],"author":[{"embeddable":true,"href":"https:\/\/panierdufermier.ca\/index.php?rest_route=\/wp\/v2\/users\/2"}],"replies":[{"embeddable":true,"href":"https:\/\/panierdufermier.ca\/index.php?rest_route=%2Fwp%2Fv2%2Fcomments&post=3377"}],"version-history":[{"count":701,"href":"https:\/\/panierdufermier.ca\/index.php?rest_route=\/wp\/v2\/pages\/3377\/revisions"}],"predecessor-version":[{"id":554651,"href":"https:\/\/panierdufermier.ca\/index.php?rest_route=\/wp\/v2\/pages\/3377\/revisions\/554651"}],"wp:attachment":[{"href":"https:\/\/panierdufermier.ca\/index.php?rest_route=%2Fwp%2Fv2%2Fmedia&parent=3377"}],"curies":[{"name":"wp","href":"https:\/\/api.w.org\/{rel}","templated":true}]}}