{"id":50083,"date":"2020-11-22T21:26:13","date_gmt":"2020-11-23T02:26:13","guid":{"rendered":"https:\/\/panierdufermier.ca\/?page_id=50083"},"modified":"2026-05-11T21:46:09","modified_gmt":"2026-05-12T01:46:09","slug":"50083-2","status":"publish","type":"page","link":"https:\/\/panierdufermier.ca\/","title":{"rendered":"Home_2"},"content":{"rendered":"<div class=\"wpb-content-wrapper\"><p>[vc_row][vc_column column_width_percent=&#8221;100&#8243; position_vertical=&#8221;middle&#8221; align_horizontal=&#8221;align_center&#8221; gutter_size=&#8221;3&#8243; overlay_alpha=&#8221;50&#8243; shift_x=&#8221;0&#8243; shift_y=&#8221;0&#8243; shift_y_down=&#8221;0&#8243; z_index=&#8221;0&#8243; medium_width=&#8221;0&#8243; mobile_width=&#8221;0&#8243; width=&#8221;2\/3&#8243;][vc_custom_heading heading_semantic=&#8221;h1&#8243; uncode_shortcode_id=&#8221;289901&#8243;]<\/p>\n<h3 style=\"text-align: center;\">Nouveau petit panier \u00e0 22 $ maintenant disponible!<\/h3>\n<h4 style=\"text-align: center;\">Et vous pouvez dor\u00e9navant suivre votre livraison en temps r\u00e9el.<\/h4>\n<h4 style=\"text-align: center;\">Livraison disponible tous les jeudis, vendredis et samedis.<\/h4>\n<h4 style=\"text-align: center;\">18 points de cueillettes!<\/h4>\n<h4 style=\"text-align: center;\"><strong>&#8211;\u00a0 Pour placer votre commande\u00a0<\/strong> &#8211;<strong> SVP choisir<\/strong> <strong>votre zone de service\u00a0 \u2193<\/strong><\/h4>\n<p>[\/vc_custom_heading][uncode_socials size=&#8221;lead&#8221;][\/vc_column][vc_column column_width_percent=&#8221;100&#8243; gutter_size=&#8221;3&#8243; overlay_alpha=&#8221;50&#8243; shift_x=&#8221;0&#8243; shift_y=&#8221;0&#8243; shift_y_down=&#8221;0&#8243; z_index=&#8221;0&#8243; medium_width=&#8221;0&#8243; mobile_width=&#8221;0&#8243; css_animation=&#8221;alpha-anim&#8221; width=&#8221;1\/3&#8243;][vc_raw_html]JTNDcCUyMHN0eWxlJTNEJTIydGV4dC1hbGlnbiUzQSUyMGNlbnRlciUzQiUyMiUzRSUzQ2ltZyUyMHNyYyUzRCUyMmh0dHBzJTNBJTJGJTJGcGFuaWVyZHVmZXJtaWVyLmNhJTJGd3AtY29udGVudCUyRnVwbG9hZHMlMkYyMDI2JTJGMDUlMkY3LTgtOS1tYWktMjAyNi0xLnBuZyUyMiUyMHN0eWxlJTNEJTIyd2lkdGglM0ElMjAzNDBweCUzQiUyMGJvcmRlci1yYWRpdXMlM0ElMjAxMHB4JTNCJTIwYm94LXNoYWRvdyUzQSUyMDAlMjA0cHglMjA4cHglMjAwJTIwcmdiYSUyODAlMkMlMjAwJTJDJTIwMCUyQyUyMDAuMiUyOSUyQyUyMDAlMjA2cHglMjAyMHB4JTIwMCUyMHJnYmElMjgwJTJDJTIwMCUyQyUyMDAlMkMlMjAwLjE5JTI5JTNCJTIwJTIyJTNFJTNDYnIlM0VBc3BlcmdlcyUyMGxvY2FsZXMlMjAlMkYlMjBBbmFuYXMlMjAlMkYlMjBSYWlzaW5zJTIwJTJGJTIwTSVDMyVCQnJlcyUyMCUyRiUyMENoYW1waWdub25zJTIwcGxldXJvdGVzJTIwJUUyJTgwJTk0JTIwR1JBTkQlMjBQQU5JRVIlMjAlMjg0MCUyNCUyOSUyMHBvdXIlMjBsZSUyMDE0LTE1LTE2JTIwbWFpJTIwMjAyNiUzQyUyRnAlM0U=[\/vc_raw_html][\/vc_column][\/vc_row][vc_row row_height_percent=&#8221;0&#8243; overlay_alpha=&#8221;50&#8243; gutter_size=&#8221;3&#8243; column_width_percent=&#8221;100&#8243; shift_y=&#8221;0&#8243; z_index=&#8221;0&#8243; css=&#8221;.vc_custom_1590976183536{margin-top: 0px !important;}&#8221;][vc_column column_width_percent=&#8221;100&#8243; align_horizontal=&#8221;align_center&#8221; gutter_size=&#8221;3&#8243; back_color=&#8221;color-lxmt&#8221; overlay_alpha=&#8221;50&#8243; radius=&#8221;std&#8221; shadow=&#8221;std&#8221; shadow_darker=&#8221;yes&#8221; shift_x=&#8221;0&#8243; shift_y=&#8221;0&#8243; shift_y_down=&#8221;0&#8243; z_index=&#8221;0&#8243; medium_width=&#8221;0&#8243; mobile_width=&#8221;0&#8243; width=&#8221;1\/2&#8243;][vc_custom_heading text_size=&#8221;h1&#8243;]Ville de Laval[\/vc_custom_heading][vc_column_text]<\/p>\n<p style=\"text-align: left;\"><strong>Livraisons: <\/strong>Ville de Laval<\/p>\n<p style=\"text-align: left;\"><strong>4 Cueillettes (Pick-up):<\/strong><\/p>\n<ol>\n<li style=\"text-align: left;\"><strong>(Fabreville)<\/strong><\/li>\n<li style=\"text-align: left;\"><strong>(Chomedey\/Ste-Doroth\u00e9e)<\/strong><\/li>\n<li style=\"text-align: left;\"><strong>(Duvernay)<\/strong><\/li>\n<li style=\"text-align: left;\"><strong>(St-Fran\u00e7ois\/Duvernay-Est)<\/strong><\/li>\n<\/ol>\n<p>[\/vc_column_text][vc_button size=&#8221;btn-xl&#8221; border_animation=&#8221;btn-ripple-out&#8221; border_width=&#8221;0&#8243; link=&#8221;url:https%3A%2F%2Fpanierdufermier.ca%2F%3Fpage_id%3D3373|||&#8221;]Placer commande[\/vc_button][\/vc_column][vc_column column_width_percent=&#8221;100&#8243; align_horizontal=&#8221;align_center&#8221; gutter_size=&#8221;3&#8243; back_color=&#8221;color-lxmt&#8221; overlay_alpha=&#8221;50&#8243; radius=&#8221;std&#8221; shadow=&#8221;std&#8221; shadow_darker=&#8221;yes&#8221; shift_x=&#8221;0&#8243; shift_y=&#8221;0&#8243; shift_y_down=&#8221;0&#8243; z_index=&#8221;0&#8243; medium_width=&#8221;0&#8243; mobile_width=&#8221;0&#8243; width=&#8221;1\/2&#8243;][vc_custom_heading text_size=&#8221;h1&#8243;]West Island[\/vc_custom_heading][vc_column_text uncode_shortcode_id=&#8221;199699&#8243;]<\/p>\n<p style=\"text-align: left;\"><strong><span lang=\"FR-CA\">Livraisons: <\/span><\/strong><span class=\"Y2IQFc\" lang=\"fr\">Ouest de l&#8217;\u00eele, Pincourt\u00a0 <\/span><span lang=\"FR-CA\">l\u2019\u00cele Perrot, Vaudreuil, Lachine, <\/span><\/p>\n<p style=\"text-align: left;\"><span lang=\"FR-CA\">Saint-Zotique, <\/span>Les C\u00e8dres, Les Coteaux, <span lang=\"FR-CA\">Salaberry-de-Valleyfield<\/span><\/p>\n<p style=\"text-align: left;\"><strong>2 Cueillettes (Pick-up):<\/strong><\/p>\n<ol>\n<li style=\"text-align: left;\"><strong>(<span lang=\"FR-CA\">Kirkland<\/span>)<\/strong><\/li>\n<li style=\"text-align: left;\"><strong>(<span lang=\"FR-CA\">\u00cele Perrot<\/span>)<\/strong><\/li>\n<\/ol>\n<p>[\/vc_column_text][vc_button size=&#8221;btn-xl&#8221; border_animation=&#8221;btn-ripple-out&#8221; border_width=&#8221;0&#8243; link=&#8221;url:https%3A%2F%2Fpanierdufermier.ca%2F%3Fpage_id%3D3377|||&#8221;]Placer commande[\/vc_button][\/vc_column][\/vc_row][vc_row row_height_percent=&#8221;0&#8243; overlay_alpha=&#8221;50&#8243; gutter_size=&#8221;3&#8243; column_width_percent=&#8221;100&#8243; shift_y=&#8221;0&#8243; z_index=&#8221;0&#8243; css=&#8221;.vc_custom_1590976183536{margin-top: 0px !important;}&#8221;][vc_column column_width_percent=&#8221;100&#8243; align_horizontal=&#8221;align_center&#8221; gutter_size=&#8221;3&#8243; back_color=&#8221;color-lxmt&#8221; overlay_alpha=&#8221;50&#8243; radius=&#8221;std&#8221; shadow=&#8221;std&#8221; shadow_darker=&#8221;yes&#8221; shift_x=&#8221;0&#8243; shift_y=&#8221;0&#8243; shift_y_down=&#8221;0&#8243; z_index=&#8221;0&#8243; medium_width=&#8221;0&#8243; mobile_width=&#8221;0&#8243; width=&#8221;1\/2&#8243;][vc_custom_heading text_size=&#8221;h1&#8243;]Montr\u00e9al[\/vc_custom_heading][vc_column_text uncode_shortcode_id=&#8221;166770&#8243;]<\/p>\n<p style=\"text-align: left;\"><strong>Livraisons: <\/strong>Ville de Montr\u00e9al<\/p>\n<p style=\"text-align: left;\"><strong>5 Cueillettes (Pick-up):<\/strong><\/p>\n<ol>\n<li style=\"text-align: left;\"><strong>(Ville Saint Laurent)<\/strong><\/li>\n<li style=\"text-align: left;\"><strong>(Montr\u00e9al-Ouest\/C\u00f4te Saint-Luc\/NDG)<\/strong><\/li>\n<li style=\"text-align: left;\"><strong>(Hochelaga\/Mercier\/Nouveau Rosemont)<\/strong><\/li>\n<li style=\"text-align: left;\"><strong>(Rivi\u00e8re-des-Prairies)<\/strong><\/li>\n<li style=\"text-align: left;\"><strong>(Pointe-aux-Trembles)<\/strong><\/li>\n<\/ol>\n<p>[\/vc_column_text][vc_button size=&#8221;btn-xl&#8221; border_animation=&#8221;btn-ripple-out&#8221; border_width=&#8221;0&#8243; link=&#8221;url:https%3A%2F%2Fpanierdufermier.ca%2F%3Fpage_id%3D50093|||&#8221;]Placer commande[\/vc_button][\/vc_column][vc_column column_width_percent=&#8221;100&#8243; align_horizontal=&#8221;align_center&#8221; gutter_size=&#8221;3&#8243; back_color=&#8221;color-lxmt&#8221; overlay_alpha=&#8221;50&#8243; radius=&#8221;std&#8221; shadow=&#8221;std&#8221; shadow_darker=&#8221;yes&#8221; shift_x=&#8221;0&#8243; shift_y=&#8221;0&#8243; shift_y_down=&#8221;0&#8243; z_index=&#8221;0&#8243; medium_width=&#8221;0&#8243; mobile_width=&#8221;0&#8243; width=&#8221;1\/2&#8243;][vc_custom_heading text_size=&#8221;h1&#8243;]Rive-Nord[\/vc_custom_heading][vc_column_text uncode_shortcode_id=&#8221;150373&#8243;]<\/p>\n<p style=\"text-align: left;\"><strong>Livraisons:\u00a0<\/strong>Deux-Montagnes, Boisbriand, Rosem\u00e8re, Mirabel, Bois-des-filions, Blainville, Sainte-Th\u00e9r\u00e8se, Saint-Eustache, Saint-J\u00e9rome, Lorraine, Mascouche, Terrebonne, Lachenaie, Charlemagne, Repentigny<\/p>\n<p style=\"text-align: left;\"><strong>4 Cueillettes (Pick-up):<\/strong><\/p>\n<ol>\n<li style=\"text-align: left;\"><strong>(Mascouche)<\/strong><\/li>\n<li style=\"text-align: left;\"><strong>(Saint-Eustache)<\/strong><\/li>\n<li style=\"text-align: left;\"><strong>(Sainte-Marthe-sur-le-Lac)<\/strong><\/li>\n<li style=\"text-align: left;\"><strong>(Sainte-Anne-des-Plaines)<\/strong><\/li>\n<\/ol>\n<p>[\/vc_column_text][vc_button size=&#8221;btn-xl&#8221; border_animation=&#8221;btn-ripple-out&#8221; border_width=&#8221;0&#8243; link=&#8221;url:https%3A%2F%2Fpanierdufermier.ca%2F%3Fpage_id%3D35510|||&#8221;]Placer commande[\/vc_button][\/vc_column][\/vc_row][vc_row row_height_percent=&#8221;0&#8243; overlay_alpha=&#8221;50&#8243; gutter_size=&#8221;3&#8243; column_width_percent=&#8221;100&#8243; shift_y=&#8221;0&#8243; z_index=&#8221;0&#8243; css=&#8221;.vc_custom_1590976183536{margin-top: 0px !important;}&#8221;][vc_column column_width_percent=&#8221;100&#8243; align_horizontal=&#8221;align_center&#8221; gutter_size=&#8221;3&#8243; back_color=&#8221;color-lxmt&#8221; overlay_alpha=&#8221;50&#8243; radius=&#8221;std&#8221; shadow=&#8221;std&#8221; shadow_darker=&#8221;yes&#8221; shift_x=&#8221;0&#8243; shift_y=&#8221;0&#8243; shift_y_down=&#8221;0&#8243; z_index=&#8221;0&#8243; medium_width=&#8221;0&#8243; mobile_width=&#8221;0&#8243; width=&#8221;1\/2&#8243;][vc_custom_heading text_size=&#8221;h1&#8243;]Rive-Sud[\/vc_custom_heading][vc_column_text uncode_shortcode_id=&#8221;926247&#8243;]<\/p>\n<p style=\"text-align: left;\"><strong>Livraisons:<\/strong> Longueuil, Brossard, Saint-Hubert, Greenfield Park, Delson, Boucherville, Saint-Lambert, Sainte-Catherine, Saint-Constant, Sainte-Julie, Ch\u00e2teauguay, Salaberry-de-Valleyfield, Candiac, La Prairie, Lafl\u00e8che, Lemoyne, Springfield Park, Castle Gardens, Pr\u00e9ville<\/p>\n<p style=\"text-align: left;\"><strong>3 Cueillettes (Pick-up):<\/strong><\/p>\n<ol style=\"text-align: left;\">\n<li style=\"text-align: left;\"><strong>(<span lang=\"FR-CA\">Brossard<\/span>)<\/strong><\/li>\n<li><strong>(Ch\u00e2teauguay)<\/strong><\/li>\n<li style=\"text-align: left;\"><strong><span lang=\"FR-CA\">(Delson)<\/span><\/strong><\/li>\n<\/ol>\n<p>[\/vc_column_text][vc_button size=&#8221;btn-xl&#8221; border_animation=&#8221;btn-ripple-out&#8221; border_width=&#8221;0&#8243; link=&#8221;url:https%3A%2F%2Fpanierdufermier.ca%2F%3Fpage_id%3D58943&#8243;]Placer commande[\/vc_button][\/vc_column][vc_column column_width_percent=&#8221;100&#8243; align_horizontal=&#8221;align_center&#8221; gutter_size=&#8221;3&#8243; back_color=&#8221;color-lxmt&#8221; overlay_alpha=&#8221;50&#8243; radius=&#8221;std&#8221; shadow=&#8221;std&#8221; shadow_darker=&#8221;yes&#8221; shift_x=&#8221;0&#8243; shift_y=&#8221;0&#8243; shift_y_down=&#8221;0&#8243; z_index=&#8221;0&#8243; desktop_visibility=&#8221;yes&#8221; medium_visibility=&#8221;yes&#8221; medium_width=&#8221;0&#8243; mobile_visibility=&#8221;yes&#8221; mobile_width=&#8221;0&#8243; width=&#8221;1\/2&#8243;][\/vc_column][\/vc_row]<\/p>\n<\/div>","protected":false},"excerpt":{"rendered":"<p>[vc_row][vc_column column_width_percent=&#8221;100&#8243; position_vertical=&#8221;middle&#8221; align_horizontal=&#8221;align_center&#8221; gutter_size=&#8221;3&#8243; overlay_alpha=&#8221;50&#8243; shift_x=&#8221;0&#8243; shift_y=&#8221;0&#8243; shift_y_down=&#8221;0&#8243; z_index=&#8221;0&#8243; medium_width=&#8221;0&#8243; mobile_width=&#8221;0&#8243; width=&#8221;2\/3&#8243;][vc_custom_heading heading_semantic=&#8221;h1&#8243; uncode_shortcode_id=&#8221;289901&#8243;] Nouveau petit panier \u00e0 22 [&hellip;]<\/p>\n","protected":false},"author":3,"featured_media":0,"parent":0,"menu_order":0,"comment_status":"closed","ping_status":"closed","template":"","meta":{"footnotes":""},"class_list":["post-50083","page","type-page","status-publish","hentry"],"jetpack_sharing_enabled":true,"_links":{"self":[{"href":"https:\/\/panierdufermier.ca\/index.php?rest_route=\/wp\/v2\/pages\/50083","targetHints":{"allow":["GET"]}}],"collection":[{"href":"https:\/\/panierdufermier.ca\/index.php?rest_route=\/wp\/v2\/pages"}],"about":[{"href":"https:\/\/panierdufermier.ca\/index.php?rest_route=\/wp\/v2\/types\/page"}],"author":[{"embeddable":true,"href":"https:\/\/panierdufermier.ca\/index.php?rest_route=\/wp\/v2\/users\/3"}],"replies":[{"embeddable":true,"href":"https:\/\/panierdufermier.ca\/index.php?rest_route=%2Fwp%2Fv2%2Fcomments&post=50083"}],"version-history":[{"count":561,"href":"https:\/\/panierdufermier.ca\/index.php?rest_route=\/wp\/v2\/pages\/50083\/revisions"}],"predecessor-version":[{"id":553669,"href":"https:\/\/panierdufermier.ca\/index.php?rest_route=\/wp\/v2\/pages\/50083\/revisions\/553669"}],"wp:attachment":[{"href":"https:\/\/panierdufermier.ca\/index.php?rest_route=%2Fwp%2Fv2%2Fmedia&parent=50083"}],"curies":[{"name":"wp","href":"https:\/\/api.w.org\/{rel}","templated":true}]}}